est common divisor of p and z?
8
Let t(y) = y**3 - 10*y**2 + y - 7. Let f be 22*(-3)/(-6) + -1. Let m be t(f). What is the highest common factor of m and 3?
3
Suppose 2*z - 36 = -2*z. Suppose 0*i - 3*i + 4*g = -7, 5*i = -4*g + 65. What is the greatest common divisor of z and i?
9
Let s be 9 - (-2 + 0/2). Suppose -12 = -i - s. What is the highest common divisor of i and 2?
1
Suppose 3*c - 6*f + 69 = -f, 3*c + 69 = -f. Let m = c - -59. What is the greatest common divisor of m and 9?
9
Let h = -119 + 122. What is the highest common factor of h and 7?
1
Let w be ((-8)/(-6))/((-3)/(-81)). Let r = -1 + 5. Calculate the highest common factor of w and r.
4
Let w be 1015/21 - 1/3. Calculate the highest common factor of w and 72.
24
Let i(a) = 4*a + 1. Let l be i(2). Let x = 399 - 201. Suppose t = 3*t - x. What is the greatest common factor of l and t?
9
Let f be (61 - (-3)/1) + -1. Suppose -15 + f = 3*i. What is the highest common factor of i and 64?
16
Let a be (1 - -2)*(2 + -1). Suppose 34 = a*x + i, 0*x = 2*x + 2*i - 28. What is the highest common divisor of 90 and x?
10
Let f = 146 + -128. Suppose -s + 42 = -0*s + 5*a, 4*s - 3*a = 99. Calculate the highest common divisor of f and s.
9
Let o be (-1 + (-6)/4)*-2. Suppose 475 = -32*g + 51*g. Calculate the highest common divisor of o and g.
5
Suppose 3*p - p = -12. Let o(z) = -z**3 - 5*z**2 + 5*z + 9. Let d be o(p). Suppose 4*n = -n + 50. What is the highest common divisor of n and d?
5
Let y(d) = 6*d**2 - 2*d + 1. Let w be y(1). Let a = 2 + w. What is the greatest common divisor of 63 and a?
7
Let q(g) = -g**3 + 6*g**2 + 7. Let b be q(5). Let u = -57 + b. Let x = u + 38. Calculate the highest common divisor of 143 and x.
13
Suppose 3*p = -2*l + 61, -4*p - 112 = -l - 3*l. Calculate the highest common divisor of l and 1.
1
Let m be (-93)/6*-2 - -4. Suppose 75 = 3*p + 15. Let k be ((-2)/4)/((-2)/p). Calculate the highest common divisor of m and k.
5
Let g be 4/2 + 0/13. Calculate the highest common factor of g and 1.
1
Let f = 50 + -30. Let j = 155 + -150. What is the highest common factor of f and j?
5
Suppose -4*i - 4*c + 41 - 9 = 0, 3*c + 25 = 4*i. Calculate the greatest common divisor of 49 and i.
7
Let v = 164 - 43. Calculate the greatest common divisor of v and 11.
11
Suppose -80 = -6*z + z. Let n(f) = 3*f**2 - 3*f + 4. Let w be n(4). Calculate the greatest common factor of z and w.
8
Let b be 1*(-16)/2*-1. Let d = -98 + 138. Calculate the greatest common divisor of b and d.
8
Suppose 5*j + 20 = 0, 4*w - 3*w - 3*j = 89. Calculate the greatest common factor of w and 11.
11
Suppose 162 = -r + 4*r. Suppose y = 4*y - r. What is the highest common divisor of y and 27?
9
Let q(f) = f**3 + 8*f**2 - 9*f + 12. Let d be q(-9). What is the highest common factor of d and 36?
12
Suppose -50 = 2*t - 4*t. Calculate the greatest common divisor of 10 and t.
5
Let y(c) = c**3 - 4*c**2 + 2*c - 3. Let s be y(4). Suppose 20 + 200 = 4*b. Calculate the highest common factor of b and s.
5
Let k = -14 - -39. What is the greatest common divisor of k and 10?
5
Let b be (-36)/27 + 48/9 + 15. Calculate the highest common divisor of b and 19.
19
Suppose 5*l - 86 = 2*i, -3*i = 4*l + i - 80. Let n(k) = -k**3 + 13*k**2 - 5*k - 7. Let v be n(11). Calculate the highest common factor of v and l.
18
Let n = 12 - -2. Let q = n - -16. Calculate the greatest common factor of q and 6.
6
Suppose -2*l + 15 = 3*l. Suppose 0*q - 72 = -4*b - 4*q, -5*b + l*q = -58. Let f be b + (-2 - (1 + -1)). Calculate the greatest common divisor of 72 and f.
12
Let b = 18 + -13. Suppose -l + 12 = l + 2*j, -b*l = 3*j - 28. Suppose 3*h = l*k - 61, h + 3*h = -8. What is the highest common factor of k and 55?
11
Let v(c) = 1 + 0 - c**2 + 1 - 2*c. Let a be v(-2). Let m be ((-216)/3)/(-1) - a. Calculate the greatest common factor of 14 and m.
14
Let x be (-435)/21 - 2/7. Let i be (-1 - x)*12/16. Calculate the greatest common divisor of i and 45.
15
Let p be (-28)/(-16) + 2/8. Calculate the highest common divisor of p and 16.
2
Suppose 183 = 2*i - 3*c, 0*i - 5*c + 59 = i. Calculate the greatest common factor of i and 28.
28
Let x be 1 - 3 - (-3)/3. Let m be 8 - 7 - (1 + x). What is the highest common divisor of 7 and m?
1
Let v = 306 + 105. Suppose 0 = -5*n - 51 + v. Calculate the greatest common divisor of 8 and n.
8
Let t = -69 - -204. What is the highest common divisor of t and 54?
27
Let p = 179 - 119. Calculate the greatest common factor of 24 and p.
12
Suppose 3*u = -2*u + 65. Let p = 24 + -11. Calculate the greatest common factor of u and p.
13
Let a be (22/33)/(1/12). Calculate the highest common factor of a and 64.
8
Suppose s - 12 = 4*b - 3*s, b - 7 = -s. Let z be 28 - (5 - (b + 0)). What is the greatest common factor of z and 175?
25
Let v(a) = a + 4. Let c be v(9). Suppose -5 + c = 2*b. Suppose 5*t - b*t = 5. What is the highest common factor of 5 and t?
5
Let p(n) = -n**2 - 3*n + 2. Let y(q) = -q**2. Let t be y(2). Let u be p(t). Let a be (10/(-1))/(2/u). What is the highest common divisor of 110 and a?
10
Let q(l) = -12*l + 3. Let x be q(5). Let k be (-3 + (-28)/(-12))*x. What is the greatest common divisor of 95 and k?
19
Let w be ((-84)/(-15))/((-6)/(-15)). Suppose h - 4*m - 50 = 0, h - 6*h = 2*m - 360. What is the highest common divisor of h and w?
14
Suppose -5*v = -2*v - 2*w + 14, 10 = v + 3*w. Let z be v*-2*(-3)/(-12). Let t be (z + 0)*(-160)/(-2). Calculate the highest common factor of t and 10.
10
Suppose -2*a = -11 + 3. Calculate the highest common divisor of 16 and a.
4
Let f(b) = 219*b + 1. Let m be f(1). What is the greatest common divisor of m and 20?
20
Let m = -20 + 37. What is the greatest common factor of m and 102?
17
Suppose 4*c + 2*v - 2 = -v, v - 8 = -5*c. Let x be (c*-9)/(-2) + -2. Let k = 29 + x. What is the highest common factor of k and 12?
12
Suppose 0 = 4*m, -4*m = 2*u - 64 - 32. What is the greatest common factor of 6 and u?
6
Let l be (-1 - 0)/((-1)/2). Let t be (-30)/(-24)*120/l. What is the highest common factor of 30 and t?
15
Suppose 2*w + 93 = 5*w. Suppose 4*o - 107 + w = 0. Suppose -3*p = 3*j - 504, -p = -5*p + 4*j + 696. What is the highest common factor of o and p?
19
Suppose 0*r - 5*u - 165 = -5*r, r - 63 = -5*u. Calculate the highest common divisor of 190 and r.
38
Let q = -59 + 86. Suppose 0 = p - 5*b - 14, -5*p = 3*b + b + 46. Let i = p + 9. Calculate the highest common factor of i and q.
3
Let s = -23 - 2. Let z = 48 + s. What is the highest common divisor of 69 and z?
23
Let k(n) = -n + 7. Let s be k(3). Suppose 6*r - s*r - 120 = 0. Calculate the highest common factor of 6 and r.
6
Suppose 42 - 18 = 3*w. Calculate the highest common factor of w and 40.
8
Suppose 3*r = -4*p + 297, -p - r = -2*r - 76. What is the highest common factor of 30 and p?
15
Let t be ((-22)/4)/(4/(-16)*2). Calculate the highest common factor of t and 22.
11
Let p(a) = 0*a + 4 + 3*a - 4*a + 3*a. Let h be p(3). Calculate the highest common factor of 80 and h.
10
Suppose -3*s + 136 - 490 = 0. Let r = -76 - s. Let t = -18 + r. What is the highest common divisor of t and 36?
12
Suppose -923 = -14*u + 421. What is the highest common divisor of 64 and u?
32
Let h be (11 - 1) + (1 - 3). Let o = h - 3. Suppose 4*i = 16, -l + o*l - 56 = -2*i. What is the highest common divisor of l and 30?
6
Suppose -3 = -d, -4*b + 226 = d + d. What is the greatest common factor of 22 and b?
11
Let n(z) = 5*z**2 + 3*z - 2. Suppose 3*y - 7 - 8 = 3*i, -y + 9 = -2*i. Let t be (-5)/((-5)/i)*-1. Let l be n(t). What is the greatest common factor of 10 and l?
10
Suppose -r + 3*r - 48 = 0. Let l(g) = -g**3 - 6*g**2 - 2*g - 2. Let o be l(-7). Let q = o + -25. Calculate the greatest common factor of r and q.
12
Let w be 3995/34 - (-3)/2. What is the highest common divisor of 17 and w?
17
Let g = 501 + -347. What is the greatest common divisor of g and 22?
22
Let z be 1/4 + 395/4. Suppose 0 = -2*d - d + z. Let q(c) = -c**3 - 4*c**2 + 5*c + 3. Let n be q(-5). Calculate the greatest common factor of d and n.
3
Suppose 0 = -5*r + 40 - 0. Suppose -5*l - r = -6*l. Calculate the highest common divisor of 2 and l.
2
Suppose 10*u - 5*u = 20, -4*u + 24 = 2*v. Suppose 291 = v*d + 3*y, d + 0*y - y = 78. Calculate the highest common divisor of d and 30.
15
Let n(x) = 2*x**2 - 5*x